 base 10?
-5
101100 (base 2) to base 15
2e
What is 3221 (base 4) in base 16?
e9
1122 (base 3) to base 10
44
1 (base 13) to base 3
1
3b (base 16) to base 15
3e
Convert 5 (base 7) to base 3.
12
3 (base 6) to base 15
3
5 (base 14) to base 2
101
What is 43 (base 8) in base 12?
2b
1 (base 11) to base 13
1
230 (base 6) to base 14
66
Convert -1210 (base 3) to base 10.
-48
6 (base 12) to base 5
11
What is 14 (base 13) in base 3?
122
Convert 18 (base 12) to base 5.
40
Convert -2c (base 16) to base 14.
-32
What is -60 (base 12) in base 13?
-57
Convert -100 (base 2) to base 12.
-4
Convert 1b (base 13) to base 10.
24
Convert -1 (base 3) to base 7.
-1
What is -1 (base 6) in base 7?
-1
Convert 0 (base 9) to base 8.
0
-200 (base 3) to base 15
-13
What is 26 (base 12) in base 4?
132
1213 (base 4) to base 12
87
What is -1100 (base 2) in base 6?
-20
Convert 100 (base 2) to base 9.
4
What is 144 (base 9) in base 7?
232
Convert -16 (base 10) to base 8.
-20
Convert 0 (base 13) to base 8.
0
23 (base 13) to base 11
27
What is -231 (base 4) in base 3?
-1200
Convert -34 (base 7) to base 3.
-221
What is 115 (base 7) in base 10?
61
211 (base 6) to base 7
142
What is 41 (base 8) in base 2?
100001
Convert -11 (base 6) to base 8.
-7
1a (base 12) to base 13
19
Convert 1 (base 6) to base 11.
1
-2 (base 16) to base 5
-2
Convert -15 (base 6) to base 5.
-21
Convert -2 (base 8) to base 3.
-2
Convert -101 (base 3) to base 10.
-10
55 (base 12) to base 16
41
-3 (base 10) to base 4
-3
42 (base 15) to base 12
52
What is -2 (base 14) in base 9?
-2
What is 101001 (base 2) in base 12?
35
231 (base 5) to base 16
42
-19 (base 12) to base 15
-16
What is 11 (base 2) in base 8?
3
What is -24 (base 6) in base 15?
-11
Convert c (base 15) to base 7.
15
-61 (base 7) to base 4
-223
What is -170 (base 9) in base 6?
-400
What is -1 (base 2) in base 15?
-1
-4 (base 12) to base 8
-4
Convert -34 (base 5) to base 15.
-14
Convert -4 (base 9) to base 14.
-4
What is 8 (base 13) in base 15?
8
What is -1 (base 10) in base 9?
-1
What is -2111 (base 3) in base 4?
-1003
What is 0 (base 5) in base 15?
0
-153 (base 6) to base 8
-105
What is 0 (base 13) in base 11?
0
What is 9 (base 15) in base 14?
9
Convert 421 (base 7) to base 5.
1321
Convert -1 (base 6) to base 2.
-1
What is 100 (base 4) in base 11?
15
What is 3 (base 15) in base 5?
3
5 (base 6) to base 9
5
What is -10 (base 11) in base 10?
-11
-a0 (base 15) to base 2
-10010110
What is cb (base 14) in base 6?
455
Convert 27 (base 8) to base 4.
113
Convert -10220 (base 3) to base 16.
-69
134 (base 11) to base 9
185
Convert -12 (base 6) to base 8.
-10
Convert b (base 16) to base 11.
10
-133 (base 5) to base 7
-61
What is 200 (base 5) in base 9?
55
-33 (base 12) to base 8
-47
43 (base 8) to base 7
50
Convert 1 (base 13) to base 6.
1
What is 29 (base 12) in base 7?
45
Convert -1 (base 9) to base 14.
-1
Convert -2 (base 12) to base 3.
-2
0 (base 14) to base 4
0
Convert 2 (base 14) to base 6.
2
-2b (base 13) to base 6
-101
140 (base 6) to base 2
111100
Convert 11202 (base 3) to base 14.
92
Convert 15a (base 12) to base 6.
554
2 (base 11) to base 4
2
-32 (base 6) to base 9
-22
-5 (base 11) to base 12
-5
Convert 0 (base 15) to base 4.
0
Convert -2110 (base 4) to base 5.
-1043
-6 (base 8) to base 11
-6
What is 2 (base 4) in base 15?
2
What is -413 (base 7) in base 2?
-11001110
Convert -63 (base 12) to base 10.
-75
What is -543 (base 6) in base 16?
-cf
2 (base 9) to base 12
2
What is -32 (base 6) in base 9?
-22
-104 (base 5) to base 14
-21
1a (base 13) to base 7
32
Convert -110 (base 2) to base 3.
-20
What is -2 (base 6) in base 10?
-2
30 (base 8) to base 2
11000
Convert 8 (base 12) to base 15.
8
8 (base 11) to base 3
22
What is 2 (base 13) in base 9?
2
Convert -8 (base 14) to base 7.
-11
What is 25 (base 13) in base 15?
21
1a (base 11) to base 10
21
What is -2 (base 11) in base 9?
-2
What is -2 (base 8) in base 2?
-10
Convert -100 (base 3) to base 15.
-9
20 (base 7) to base 12
12
12 (base 4) to base 16
6
What is 122 (base 3) in base 8?
21
What is -20 (base 10) in base 15?
-15
What is -2 (base 13) in base 8?
-2
-1 (base 8) to base 2
-1
What is 26 (base 13) in base 15?
22
24 (base 12) to base 5
103
What is -f1 (base 16) in base 7?
-463
Convert 1210 (base 3) to base 2.
110000
What is -1 (base 16) in base 6?
-1
What is 223 (base 5) in base 2?
111111
What is -4 (base 15) in base 9?
-4
What is -8 (base 9) in base 2?
-1000
Convert 7 (base 13) to base 16.
7
216 (base 9) to base 15
bc
-105 (base 8) to base 9
-76
Convert -20 (base 7) to base 10.
-14
Convert 10 (base 3) to base 12.
3
What is -100 (base 4) in base 13?
-13
Convert 33 (base 6) to base 4.
111
42 (base 7) to base 4
132
10 (base 14) to base 2
1110
Convert -10 (base 9) to base 13.
-9
What is 91 (base 13) in base 3?
11101
-166 (base 7) to base 13
-76
Convert -8 (base 13) to base 8.
-10
What is 11 (base 15) in base 13?
13
-2a (base 14) to base 3
-1102
Convert -4 (base 11) to base 14.
-4
What is c1 (base 16) in base 12?
141
14 (base 11) to base 10
15
2 (base 15) to base 8
2
-1 (base 4) to base 7
-1
11b (base 14) to base 2
11011101
2 (base 8) to base 11
2
What is 2 (base 11) in base 2?
10
Convert -140 (base 6) to base 9.
-66
What is 40 (base 6) in base 15?
19
-10 (base 7) to base 2
-111
-231 (base 4) to base 2
-101101
-4 (base 10) to base 9
-4
16 (base 11) to base 2
10001
Convert 44 (base 6) to base 11.
26
-2103 (base 4) to base 10
-147
0 (base 10) to base 16
0
What is -1 (base 15) in base 14?
-1
What is -5 (base 12) in base 8?
-5
What is 3 (base 15) in base 12?
3
-3 (base 10) to base 13
-3
7 (base 11) to base 7
10
Convert 10 (base 3) to base 2.
11
Convert 101 (base 2) to base 3.
12
Convert -223 (base 4) to base 15.
-2d
-11 (base 7) to base 15
-8
Convert 1 (base 3) to base 16.
1
What is -97 (base 11) in base 13?
-82
What is -1 (base 9) in base 4?
-1
Convert 3 (base 15) to base 10.
3
68 (base 9) to base 15
42
Convert 68 (base 10) to base 16.
44
0 (base 10) to base 3
0
-101 (base 2) to base 4
-11
102 (base 3) to base 4
23
Convert -6 (base 13) to base 14.
-6
-6 (base 7) to base 11
-6
-4c (base 16) to base 12
-64
0 (base 5) to base 10
0
0 (base 7) to base 3
0
1 (base 8) to base 11
1
Convert 11 (base 9) to base 2.
1010
3c (base 16) to base 3
2020
Convert -1 (base 12) to base 4.
-1
Convert -21 (base 5) to base 7.
-14
Convert -2 (base 14) to base 13.
-2
What is 3 (base 6) in base 8?
3
-250 (base 9) to base 16
-cf
Convert -241 (base 10) to base 4.
-3301
What is 340 (base 6) in base 9?
156
What is -4 (base 6) in base 2?
-100
Convert -10 (base 2) to base 12.
-2
Convert 0 (base 7) to base 13.
0
What is a (base 13) in base 5?
20
What is 1100010 (base 2) in base 9?
118
What is -1 (base 14) in base 10?
-1
Convert -147 (base 13) to base 8.
-344
Convert -49 (base 13) to base 12.
-51
What is 21 (base 4) in base 6?
13
186 (base 9) to base 16
9f
What is -111 (base 2) in base 15?
-7
Convert 2201 (base 3) to base 10.
73
Convert -d1 (base 16) to base 2.
-11010001
Convert -6 (base 7) to base 2.
-110
What is 31 (base 4) in base 10?
13
-2 (base 5) to base 8
-2
1020 (base 3) to base 2
100001
What is -44 (base 10) in base 14?
-32
Convert -1110000 (base 2) to base 12.
-94
What is 0 (base 9) in base 11?
0
Convert -e (base 16) to base 3.
-112
Convert -4 (base 7) to base 4.
-10
-2 (base 13) to base 11
-2
-131 (base 8) to base 13
-6b
5 (base 9) to base 11
5
Convert 225 (base 12) to base 2.
100111101
-77 (base 13) to base 7
-200
-1011 (base 5) to base 13
-a1
Convert 21022 (base 3) to base 14.
101
Convert 0 (base 3) to base 13.
0
Convert 17 (base 16) to base 4.
113
-2 (base 4) to base 6
-2
Convert -27 (base 8) to base 2.
-10111
What is -350 (base 6) in base 2?
-10001010
What is -6 (base 14) in base 2?
-110
-114 (base 8) to base 16
-4c
-8 (base 10) to base 13
-8
Convert -8 (base 16) to base 5.
-13
Convert -3 (base 14) to base 15.
-3
-3 (base 5) to base 6
-3
What is 2 (base 7) in base 13?
2
Convert -11 (base 2) to base 6.
-3
What is 1002 (base 3) in base 16?
1d
11011 (base 2) to base 8
33
-1100 (base 2) to base 6
-20
Convert 10 (base 6) to base 15.
6
What is -10 (base 14) in base 10?
-14
What is 311 (base 8) in base 2?
11001001
-18 (base 14) to base 16
-16
Convert -4 (base 11) to base 5.
-4
-26 (base 14) to base 6
-54
What is -ec (base 15) in base 4?
-31